{"id":1542,"date":"2021-04-07T17:35:01","date_gmt":"2021-04-07T17:35:01","guid":{"rendered":"https:\/\/fachschaft.physik.ruhr-uni-bochum.de\/?page_id=1542"},"modified":"2026-03-12T12:35:35","modified_gmt":"2026-03-12T12:35:35","slug":"studieninteressierte","status":"publish","type":"page","link":"https:\/\/fachschaft.physik.ruhr-uni-bochum.de\/index.php\/studieninteressierte\/","title":{"rendered":"Studieninteressierte"},"content":{"rendered":"\n<p>Du interessierst dich f\u00fcr Physik und ziehst sogar in Erw\u00e4gung nach deinem Schulabschluss ein Physikstudium zu beginnen? &#8211; Dann bist du hier genau richtig.<\/p>\n<h3>Schnuppertag an der Physikfakult\u00e4t<\/h3>\n<p>Du gehst noch zur Schule, m\u00f6chtest dir aber mal einen Tag im Physikstudium anschauen? Dann klick mal <a href=\"https:\/\/fachschaft.physik.ruhr-uni-bochum.de\/index.php\/schnuppertag\/\">hier<\/a>.<\/p>\n<h3>Warum Physik studieren?<\/h3>\n<p>Im Physikstudium lernt man, was die Welt im Innersten zusammenh\u00e4lt. Das Faszinierende dabei ist das Spektrum der Physik, welches sich von den gr\u00f6\u00dften Sternen und Planeten des Universums bis hin zu den elementarsten Teilchen erstreckt.<span class=\"Apple-converted-space\">\u00a0<\/span><\/p>\n<p>Au\u00dferdem: Physiker:innen findet man in den verschiedensten Branchen aufgrund ihrer Anpassungsf\u00e4higkeit und der im Studium erlernten F\u00e4higkeiten, Probleme zu analysieren und zu l\u00f6sen.<span class=\"Apple-converted-space\">\u00a0Die\u00a0Berufsaussichten sind also mit einem abgeschlossenen Physikstudium\u00a0sehr gut.<\/span><\/p>\n<h3>Warum in Bochum Physik studieren?<\/h3>\n<p>An der RUB, welche tief im Westen, im Herzen des Ruhrgebietes liegt, wird den Studierenden ein breites Spektrum an Forschungsfeldern geboten, sowohl experimentell als auch theoretisch.<span class=\"Apple-converted-space\">\u00a0\u00a0<\/span>Diese reichen von der Astronomie und Astrophysik, \u00fcber die Hadronenphysik bis hin zur Plasmaphysik. Zudem z\u00e4hlt die Physikfakult\u00e4t der RUB zu den forschungsst\u00e4rksten Fakult\u00e4ten Deutschlands und Physiker:innen der RUB sind an internationalen Projekten wie IceCube, ITER, CERN und FAIR beteiligt.<\/p>\n<h3>Rund ums Studium<\/h3>\n<p>Hat man sich f\u00fcr das Physikstudium (und noch am besten in Bochum) entschieden, dann gilt es sich entweder f\u00fcr den Bachelor of Science oder den 2-Fach-Bachelor zu entscheiden, wobei auch ein nachtr\u00e4glicher Wechsel noch m\u00f6glich ist. Darauf aufbauend gibt es dann die Masterstudieng\u00e4nge, welche weitere Vertiefungsm\u00f6glichkeiten bieten.<\/p>\n<p><img loading=\"lazy\" decoding=\"async\" class=\" wp-image-2185 aligncenter\" src=\"https:\/\/fachschaft.physik.ruhr-uni-bochum.de\/wp-content\/uploads\/2022\/03\/Plan-300x263.jpeg\" alt=\"\" width=\"385\" height=\"338\" srcset=\"https:\/\/fachschaft.physik.ruhr-uni-bochum.de\/wp-content\/uploads\/2022\/03\/Plan-300x263.jpeg 300w, https:\/\/fachschaft.physik.ruhr-uni-bochum.de\/wp-content\/uploads\/2022\/03\/Plan-600x526.jpeg 600w, https:\/\/fachschaft.physik.ruhr-uni-bochum.de\/wp-content\/uploads\/2022\/03\/Plan-1024x898.jpeg 1024w, https:\/\/fachschaft.physik.ruhr-uni-bochum.de\/wp-content\/uploads\/2022\/03\/Plan-768x674.jpeg 768w, https:\/\/fachschaft.physik.ruhr-uni-bochum.de\/wp-content\/uploads\/2022\/03\/Plan-1536x1347.jpeg 1536w, https:\/\/fachschaft.physik.ruhr-uni-bochum.de\/wp-content\/uploads\/2022\/03\/Plan.jpeg 1563w\" sizes=\"auto, (max-width: 385px) 100vw, 385px\" \/><\/p>\n<p>F\u00fcr jeden Studiengang an der Fakult\u00e4t gibt es eine <a href=\"https:\/\/www.physik.ruhr-uni-bochum.de\/studium\/studiengaenge\/studien-und-pruefungsordnungen-im-ueberblick\/\">Studien-und Pr\u00fcfungsordnung <\/a>. Dort finden sich Informationen zum Studium im Allgemeinen, der CP- Vergabe, Auslandssemestern, der Abschlussarbeit uvm.<\/p>\n<p>Im <a href=\"https:\/\/www.physik.ruhr-uni-bochum.de\/studium\/studiengaenge\/bachelor-of-science\/modulhandbuecher\/\">Modulhandbuch<\/a> befinden sich, wie sich am Namen erahnen l\u00e4sst, Informationen zu den verschiedenen Modulen, die w\u00e4hrend des Studiums absolviert werden m\u00fcssen \/ k\u00f6nnen.\u00a0<\/p>\n<p>Die Teilnahme am <a href=\"https:\/\/www.physik.ruhr-uni-bochum.de\/studium\/vorkurs\/\">Physik-Vorkurs<\/a>, welcher vor Beginn der Vorlesungszeit stattfindet, ist dabei nur zu empfehlen. Es werden die mathematischen Kompetenzen vertieft und erlernt, welche im ersten Semester ben\u00f6tigt werden und gleichzeitig bietet sich die Gelegenheit seine neuen Mitstudierenden kennen zu lernen.<\/p>\n<p>Die <a href=\"https:\/\/www.dpg-physik.de\/vereinigungen\/fachuebergreifend\/ak\/akjdpg\/regional\/rg-bochum\/willkommen\">Bochumer Regionalgruppe der jDPG<\/a> organisiert regelm\u00e4\u00dfig Veranstaltungen f\u00fcr Studierende und jene, die es noch werden wollen. Zu den Veranstaltungsformaten geh\u00f6ren zum Beispiel Fachvortr\u00e4ge \u00fcber Forschungsprojekte und &#8222;Physiker:innen im Beruf&#8220;.<\/p>\n<h3>An wen wende ich mich bei Fragen?<\/h3>\n<p>Alles Wichtige rund um die Immatrikulation findest du auf der offiziellen <a href=\"https:\/\/studium.ruhr-uni-bochum.de\/de\/bewerbung-bis-einschreibung-der-weg-die-rub\">Website der RUB<\/a>. F\u00fcr weitere Informationen zum <a href=\"https:\/\/fachschaft.physik.ruhr-uni-bochum.de\/index.php\/studium\/studieneinstieg\/\">Studieneinstieg<\/a> haben wir eine eigene Seite eingerichtet.<\/p>\n<p>Bei Fragen jeglicher Art bez\u00fcglich des Studiums kann sich an die <a href=\"https:\/\/www.physik.ruhr-uni-bochum.de\/studium\/studienberatung\">Studienberatung<\/a> der Fakult\u00e4t gewandt werden. Das Angebot reicht von einer orientierenden Beratung von Oberstufensch\u00fcler:innen bis zur Beratung der Studierenden bei Problemen, Fragen zur Pr\u00fcfungsordnung und so weiter. Bei Fragen kann einfach ein pers\u00f6nliches Gespr\u00e4ch vereinbart werden.<\/p>\n<p>Und selbstverst\u00e4ndlich k\u00f6nnt ihr euch bei Fragen auch an uns wenden! \ud83d\ude04<\/p>\n","protected":false},"excerpt":{"rendered":"<p>Du interessierst dich f\u00fcr Physik und ziehst sogar in Erw\u00e4gung nach deinem Schulabschluss ein Physikstudium zu beginnen? &#8211; Dann bist du hier genau richtig. Schnuppertag an der Physikfakult\u00e4t Du gehst [&hellip;]<\/p>\n","protected":false},"author":20,"featured_media":0,"parent":0,"menu_order":0,"comment_status":"closed","ping_status":"closed","template":"","meta":{"footnotes":""},"class_list":["post-1542","page","type-page","status-publish","czr-hentry"],"jetpack_sharing_enabled":true,"_links":{"self":[{"href":"https:\/\/fachschaft.physik.ruhr-uni-bochum.de\/index.php\/wp-json\/wp\/v2\/pages\/1542","targetHints":{"allow":["GET"]}}],"collection":[{"href":"https:\/\/fachschaft.physik.ruhr-uni-bochum.de\/index.php\/wp-json\/wp\/v2\/pages"}],"about":[{"href":"https:\/\/fachschaft.physik.ruhr-uni-bochum.de\/index.php\/wp-json\/wp\/v2\/types\/page"}],"author":[{"embeddable":true,"href":"https:\/\/fachschaft.physik.ruhr-uni-bochum.de\/index.php\/wp-json\/wp\/v2\/users\/20"}],"replies":[{"embeddable":true,"href":"https:\/\/fachschaft.physik.ruhr-uni-bochum.de\/index.php\/wp-json\/wp\/v2\/comments?post=1542"}],"version-history":[{"count":13,"href":"https:\/\/fachschaft.physik.ruhr-uni-bochum.de\/index.php\/wp-json\/wp\/v2\/pages\/1542\/revisions"}],"predecessor-version":[{"id":4957,"href":"https:\/\/fachschaft.physik.ruhr-uni-bochum.de\/index.php\/wp-json\/wp\/v2\/pages\/1542\/revisions\/4957"}],"wp:attachment":[{"href":"https:\/\/fachschaft.physik.ruhr-uni-bochum.de\/index.php\/wp-json\/wp\/v2\/media?parent=1542"}],"curies":[{"name":"wp","href":"https:\/\/api.w.org\/{rel}","templated":true}]}}